{"id":11,"date":"2024-04-01T21:44:50","date_gmt":"2024-04-01T21:44:50","guid":{"rendered":"https:\/\/www.dcigns.mx\/?page_id=11"},"modified":"2025-06-04T19:26:33","modified_gmt":"2025-06-04T19:26:33","slug":"tienda","status":"publish","type":"page","link":"https:\/\/www.dcigns.mx\/index.php\/tienda\/","title":{"rendered":"TIENDA\u02d6 \u1863\ud802\udf69 \u22b9 \u08ea \u0c68\u09ce\u02da\u208a"},"content":{"rendered":"\n<div class=\"wp-block-group alignfull has-global-padding is-layout-constrained wp-container-core-group-layout-1 wp-block-group-is-layout-constrained\"><h2 class=\"wp-block-post-title\">TIENDA\u02d6 \u1863\ud802\udf69 \u22b9 \u08ea \u0c68\u09ce\u02da\u208a<\/h2><\/div>\n\n\n\n<div class=\"wp-block-group has-global-padding is-layout-constrained wp-block-group-is-layout-constrained\">\n<div class=\"wp-block-columns are-vertically-aligned-top is-layout-flex wp-container-core-columns-layout-1 wp-block-columns-is-layout-flex\" style=\"padding-top:0;padding-right:0;padding-bottom:0;padding-left:0\">\n<div class=\"wp-block-column is-vertically-aligned-top is-layout-flow wp-block-column-is-layout-flow\" style=\"padding-right:7%;flex-basis:50%\">\n<p class=\"has-text-color\" style=\"color:#0bb4aa\"><strong>BRANDEA-T\u00da<\/strong><\/p>\n\n\n\n<p><strong><em>Brandea-T\u00fa<\/em>&nbsp;<\/strong>es el primer paso para transformar tu esencia en una marca con impacto. Es una gu\u00eda creativa y estrat\u00e9gica dise\u00f1ada para ayudarte a descubrir tu voz, pulir tu imagen y conectar de forma aut\u00e9ntica con tu audiencia.<\/p>\n\n\n\n<p>Aqu\u00ed no solo dise\u00f1amos logos. Te ense\u00f1amos a construir una identidad coherente, emocional y poderosa desde dentro hacia fuera.<\/p>\n\n\n\n<p>Ya sea que est\u00e9s comenzando un negocio, replanteando tu rumbo o buscando destacar,&nbsp;<em>Brandea-T\u00fa<\/em>&nbsp;te da las herramientas para hacerlo con intenci\u00f3n, claridad y estilo.<\/p>\n\n\n\n<p><\/p>\n<\/div>\n\n\n\n<div class=\"wp-block-column is-vertically-aligned-top is-layout-flow wp-block-column-is-layout-flow\" style=\"flex-basis:50%\">\n<div id='product-component-1747868990420'><\/div>\n<script type=\"text\/javascript\">\n\/*<![CDATA[*\/\n(function () {\n  var scriptURL = 'https:\/\/sdks.shopifycdn.com\/buy-button\/latest\/buy-button-storefront.min.js';\n  if (window.ShopifyBuy) {\n    if (window.ShopifyBuy.UI) {\n      ShopifyBuyInit();\n    } else {\n      loadScript();\n    }\n  } else {\n    loadScript();\n  }\n  function loadScript() {\n    var script = document.createElement('script');\n    script.async = true;\n    script.src = scriptURL;\n    (document.getElementsByTagName('head')[0] || document.getElementsByTagName('body')[0]).appendChild(script);\n    script.onload = ShopifyBuyInit;\n  }\n  function ShopifyBuyInit() {\n    var client = ShopifyBuy.buildClient({\n      domain: '7b1042-ae.myshopify.com',\n      storefrontAccessToken: '244b1a2fb6d83874aa782580e076d8f4',\n    });\n    ShopifyBuy.UI.onReady(client).then(function (ui) {\n      ui.createComponent('product', {\n        id: '7483384725570',\n        node: document.getElementById('product-component-1747868990420'),\n        moneyFormat: '%24%20%7B%7Bamount%7D%7D',\n        options: {\n  \"product\": {\n    \"styles\": {\n      \"product\": {\n        \"@media (min-width: 601px)\": {\n          \"max-width\": \"calc(25% - 20px)\",\n          \"margin-left\": \"20px\",\n          \"margin-bottom\": \"50px\"\n        }\n      },\n      \"button\": {\n        \"font-weight\": \"bold\",\n        \":hover\": {\n          \"background-color\": \"#79c483\"\n        },\n        \"background-color\": \"#86da92\",\n        \":focus\": {\n          \"background-color\": \"#79c483\"\n        }\n      }\n    },\n    \"text\": {\n      \"button\": \"Add to cart\"\n    }\n  },\n  \"productSet\": {\n    \"styles\": {\n      \"products\": {\n        \"@media (min-width: 601px)\": {\n          \"margin-left\": \"-20px\"\n        }\n      }\n    }\n  },\n  \"modalProduct\": {\n    \"contents\": {\n      \"img\": false,\n      \"imgWithCarousel\": true,\n      \"button\": false,\n      \"buttonWithQuantity\": true\n    },\n    \"styles\": {\n      \"product\": {\n        \"@media (min-width: 601px)\": {\n          \"max-width\": \"100%\",\n          \"margin-left\": \"0px\",\n          \"margin-bottom\": \"0px\"\n        }\n      },\n      \"button\": {\n        \"font-weight\": \"bold\",\n        \":hover\": {\n          \"background-color\": \"#79c483\"\n        },\n        \"background-color\": \"#86da92\",\n        \":focus\": {\n          \"background-color\": \"#79c483\"\n        }\n      }\n    },\n    \"text\": {\n      \"button\": \"Add to cart\"\n    }\n  },\n  \"option\": {},\n  \"cart\": {\n    \"styles\": {\n      \"button\": {\n        \"font-weight\": \"bold\",\n        \":hover\": {\n          \"background-color\": \"#79c483\"\n        },\n        \"background-color\": \"#86da92\",\n        \":focus\": {\n          \"background-color\": \"#79c483\"\n        }\n      }\n    },\n    \"text\": {\n      \"total\": \"Subtotal\",\n      \"button\": \"Checkout\"\n    }\n  },\n  \"toggle\": {\n    \"styles\": {\n      \"toggle\": {\n        \"font-weight\": \"bold\",\n        \"background-color\": \"#86da92\",\n        \":hover\": {\n          \"background-color\": \"#79c483\"\n        },\n        \":focus\": {\n          \"background-color\": \"#79c483\"\n        }\n      }\n    }\n  }\n},\n      });\n    });\n  }\n})();\n\/*]]>*\/\n<\/script>\n<\/div>\n<\/div>\n<\/div>\n\n\n\n<div class=\"wp-block-group alignfull has-background has-global-padding is-layout-constrained wp-block-group-is-layout-constrained\" style=\"background-color:#f9f9f9\">\n<div class=\"wp-block-group is-layout-flow wp-block-group-is-layout-flow\">\n<div style=\"height:69px\" aria-hidden=\"true\" class=\"wp-block-spacer\"><\/div>\n\n\n\n<div class=\"wp-block-columns is-layout-flex wp-container-core-columns-layout-3 wp-block-columns-is-layout-flex\">\n<div class=\"wp-block-column is-layout-flow wp-block-column-is-layout-flow\">\n<h2 class=\"wp-block-heading has-text-align-left has-large-font-size\">ASESOR\u00cdA 1:1<\/h2>\n\n\n\n<p class=\"has-text-align-left has-text-color\" style=\"color:#0bb4aa\"><mark style=\"background-color:rgba(0, 0, 0, 0);color:#ff9453\" class=\"has-inline-color\">We are growing together!<\/mark><\/p>\n\n\n\n<div class=\"wp-block-columns is-layout-flex wp-container-core-columns-layout-2 wp-block-columns-is-layout-flex\">\n<div class=\"wp-block-column is-layout-flow wp-block-column-is-layout-flow\">\n<div id='product-component-1747940615639'><\/div>\n<script type=\"text\/javascript\">\n\/*<![CDATA[*\/\n(function () {\n  var scriptURL = 'https:\/\/sdks.shopifycdn.com\/buy-button\/latest\/buy-button-storefront.min.js';\n  if (window.ShopifyBuy) {\n    if (window.ShopifyBuy.UI) {\n      ShopifyBuyInit();\n    } else {\n      loadScript();\n    }\n  } else {\n    loadScript();\n  }\n  function loadScript() {\n    var script = document.createElement('script');\n    script.async = true;\n    script.src = scriptURL;\n    (document.getElementsByTagName('head')[0] || document.getElementsByTagName('body')[0]).appendChild(script);\n    script.onload = ShopifyBuyInit;\n  }\n  function ShopifyBuyInit() {\n    var client = ShopifyBuy.buildClient({\n      domain: '7b1042-ae.myshopify.com',\n      storefrontAccessToken: '244b1a2fb6d83874aa782580e076d8f4',\n    });\n    ShopifyBuy.UI.onReady(client).then(function (ui) {\n      ui.createComponent('product', {\n        id: '7117290799170',\n        node: document.getElementById('product-component-1747940615639'),\n        moneyFormat: '%24%20%7B%7Bamount%7D%7D',\n        options: {\n  \"product\": {\n    \"styles\": {\n      \"product\": {\n        \"@media (min-width: 601px)\": {\n          \"max-width\": \"calc(25% - 20px)\",\n          \"margin-left\": \"20px\",\n          \"margin-bottom\": \"50px\"\n        }\n      },\n      \"button\": {\n        \"font-weight\": \"bold\",\n        \":hover\": {\n          \"background-color\": \"#79c483\"\n        },\n        \"background-color\": \"#86da92\",\n        \":focus\": {\n          \"background-color\": \"#79c483\"\n        }\n      }\n    },\n    \"text\": {\n      \"button\": \"Add to cart\"\n    }\n  },\n  \"productSet\": {\n    \"styles\": {\n      \"products\": {\n        \"@media (min-width: 601px)\": {\n          \"margin-left\": \"-20px\"\n        }\n      }\n    }\n  },\n  \"modalProduct\": {\n    \"contents\": {\n      \"img\": false,\n      \"imgWithCarousel\": true,\n      \"button\": false,\n      \"buttonWithQuantity\": true\n    },\n    \"styles\": {\n      \"product\": {\n        \"@media (min-width: 601px)\": {\n          \"max-width\": \"100%\",\n          \"margin-left\": \"0px\",\n          \"margin-bottom\": \"0px\"\n        }\n      },\n      \"button\": {\n        \"font-weight\": \"bold\",\n        \":hover\": {\n          \"background-color\": \"#79c483\"\n        },\n        \"background-color\": \"#86da92\",\n        \":focus\": {\n          \"background-color\": \"#79c483\"\n        }\n      }\n    },\n    \"text\": {\n      \"button\": \"Add to cart\"\n    }\n  },\n  \"option\": {},\n  \"cart\": {\n    \"styles\": {\n      \"button\": {\n        \"font-weight\": \"bold\",\n        \":hover\": {\n          \"background-color\": \"#79c483\"\n        },\n        \"background-color\": \"#86da92\",\n        \":focus\": {\n          \"background-color\": \"#79c483\"\n        }\n      }\n    },\n    \"text\": {\n      \"total\": \"Subtotal\",\n      \"button\": \"Checkout\"\n    }\n  },\n  \"toggle\": {\n    \"styles\": {\n      \"toggle\": {\n        \"font-weight\": \"bold\",\n        \"background-color\": \"#86da92\",\n        \":hover\": {\n          \"background-color\": \"#79c483\"\n        },\n        \":focus\": {\n          \"background-color\": \"#79c483\"\n        }\n      }\n    }\n  }\n},\n      });\n    });\n  }\n})();\n\/*]]>*\/\n<\/script>\n<\/div>\n<\/div>\n<\/div>\n\n\n\n<div class=\"wp-block-column is-layout-flow wp-block-column-is-layout-flow\">\n<p>Perfecto para&nbsp;<strong>emprendedores<\/strong>&nbsp;que quieren asesor\u00eda en el&nbsp;<strong>mundo digital.<\/strong><\/p>\n\n\n\n<p>Potencia tu emprendimiento con nuestra asesor\u00eda en l\u00ednea de marketing y dise\u00f1o! Obt\u00e9n el impulso que necesitas para destacarte en el mercado con estrategias personalizadas y creativas. Te ayudaremos a conocerte como marca y recibir\u00e1s orientaci\u00f3n y&nbsp;<strong>soluciones espec\u00edficas<\/strong>&nbsp;para llevar&nbsp;<strong>tu negocio al siguiente nivel.<\/strong>&nbsp;\u00a1Haz que tu marca brille en el mundo digital. Incluye 3 artes para pautar en redes sociales.&nbsp;<\/p>\n\n\n\n<p>Dividido en 3 videollamadas\/reuniones<\/p>\n\n\n\n<p>Entregable: \u00b7 3 artes para redes sociales. \u00b7 1 estrategia personalizada para alcanzar tus objetivos. \u00b7 Cuestionario de conocimiento de marca.&nbsp;<\/p>\n<\/div>\n<\/div>\n\n\n\n<div style=\"height:52px\" aria-hidden=\"true\" class=\"wp-block-spacer\"><\/div>\n<\/div>\n<\/div>\n\n\n\n<div class=\"wp-block-group has-global-padding is-layout-constrained wp-block-group-is-layout-constrained\">\n<div class=\"wp-block-buttons is-content-justification-right is-layout-flex wp-container-core-buttons-layout-1 wp-block-buttons-is-layout-flex\">\n<div class=\"wp-block-button has-custom-font-size is-style-fill\" style=\"font-size:14px;font-style:normal;font-weight:600;letter-spacing:1px;text-transform:uppercase\"><a class=\"wp-block-button__link has-text-align-center wp-element-button\" href=\"https:\/\/wa.link\/hz14e7\" style=\"border-radius:0px\">click aqu\u00ed<\/a><\/div>\n<\/div>\n\n\n\n<figure class=\"wp-block-gallery has-nested-images columns-default is-cropped wp-block-gallery-1 is-layout-flex wp-block-gallery-is-layout-flex\">\n<figure class=\"wp-block-image size-full\"><img loading=\"lazy\" decoding=\"async\" width=\"1080\" height=\"1350\" src=\"https:\/\/www.dcigns.mx\/wp-content\/uploads\/2025\/05\/our-service-1-2.png\" alt=\"\" class=\"wp-image-405\"\/><\/figure>\n\n\n\n<figure class=\"wp-block-image size-full\"><img loading=\"lazy\" decoding=\"async\" width=\"1080\" height=\"1350\" src=\"https:\/\/www.dcigns.mx\/wp-content\/uploads\/2025\/05\/our-service-2-1.png\" alt=\"\" class=\"wp-image-404\"\/><\/figure>\n<\/figure>\n\n\n\n<div style=\"height:69px\" aria-hidden=\"true\" class=\"wp-block-spacer\"><\/div>\n\n\n\n<div class=\"wp-block-columns are-vertically-aligned-center is-layout-flex wp-container-core-columns-layout-4 wp-block-columns-is-layout-flex\" style=\"padding-top:var(--wp--preset--spacing--60);padding-bottom:var(--wp--preset--spacing--60);padding-left:0\">\n<div class=\"wp-block-column is-vertically-aligned-center has-global-padding is-content-justification-left is-layout-constrained wp-container-core-column-layout-6 wp-block-column-is-layout-constrained\" style=\"flex-basis:66.66%\">\n<h2 class=\"wp-block-heading\">Thinking about joining our team?<\/h2>\n\n\n\n<p>Si te gustaria ser parte del equipo de Dcigns envianos tu cv y portafolio al siguiente link -><\/p>\n\n\n\n<h3 class=\"wp-block-heading\"><mark style=\"background-color:rgba(0, 0, 0, 0);color:#e88831\" class=\"has-inline-color\">\u00a1Tenemos una vacante abierta en Dcigns!<\/mark><\/h3>\n\n\n\n<p>\u00bfTe apasiona la creatividad, el contenido digital y las ideas que conectan?<br>Estamos buscando una <strong>Creative Assistant \/ Content Creator<\/strong> que quiera crecer con nosotras y formar parte de un estudio lleno de energ\u00eda, dise\u00f1o y estrategia. <\/p>\n\n\n\n<p><strong>Perfil ideal:<\/strong><br>\u2013 Ganas de aprender y proponer<br>\u2013 Conocimiento b\u00e1sico en dise\u00f1o, redes sociales y contenido<br>\u2013 Buen ojo para lo visual y sensibilidad est\u00e9tica<br>\u2013 Creatividad, iniciativa y actitud buena vibra<br>&#8211; Organizada<\/p>\n\n\n\n<p> <strong>Lo que har\u00e1s:<\/strong><br>\u2013 Apoyo en grabaci\u00f3n y generaci\u00f3n de contenido<br>\u2013 Llenado de parrillas y creaci\u00f3n de moodboards<br>\u2013 Organizaci\u00f3n y propuesta de ideas para clientes<br>\u2013 Apoyo operativo en tareas del d\u00eda a d\u00eda del estudio<\/p>\n\n\n\n<p><strong>Modalidad:<\/strong><br>H\u00edbrido con oportunidad de crecimiento <br>(Torre\u00f3n, Coah.)<\/p>\n\n\n\n<p>\ud83d\udce9 <strong>\u00bfTe interesa?<\/strong><br>M\u00e1ndanos tu CV + portafolio (si tienes) y tu red favorita a \ud83d\udce7 <a>hola@dcigns.mx<\/a> o por DM<br><em>Queremos saber qui\u00e9n eres y qu\u00e9 te inspira.<\/em><\/p>\n\n\n\n<p>#VacanteCreativa #dcignsTeam #ContentCreator #CreativeAssistant<\/p>\n<\/div>\n\n\n\n<div class=\"wp-block-column is-vertically-aligned-center is-layout-flow wp-block-column-is-layout-flow\" style=\"flex-basis:33.33%\">\n<div class=\"wp-block-buttons is-content-justification-right is-layout-flex wp-container-core-buttons-layout-2 wp-block-buttons-is-layout-flex\">\n<div class=\"wp-block-button has-custom-font-size is-style-fill\" style=\"font-size:14px;font-style:normal;font-weight:600;letter-spacing:1px;text-transform:uppercase\"><a class=\"wp-block-button__link wp-element-button\" href=\"https:\/\/wa.link\/hz14e7\" style=\"border-radius:0px\">ENV\u00cdALO AQU\u00cd<\/a><\/div>\n<\/div>\n<\/div>\n<\/div>\n<\/div>\n","protected":false},"excerpt":{"rendered":"<p>BRANDEA-T\u00da Brandea-T\u00fa&nbsp;es el primer paso para transformar tu esencia en una marca con impacto. Es una gu\u00eda creativa y estrat\u00e9gica dise\u00f1ada para ayudarte a descubrir tu voz, pulir tu imagen y conectar de forma aut\u00e9ntica con tu audiencia. Aqu\u00ed no solo dise\u00f1amos logos. Te ense\u00f1amos a construir una identidad coherente, emocional y poderosa desde dentro &hellip; <\/p>\n<p class=\"link-more\"><a href=\"https:\/\/www.dcigns.mx\/index.php\/tienda\/\" class=\"more-link\">Leer m\u00e1s<span class=\"screen-reader-text\"> \u00abTIENDA\u02d6 \u1863\ud802\udf69 \u22b9 \u08ea \u0c68\u09ce\u02da\u208a\u00bb<\/span><\/a><\/p>\n","protected":false},"author":1,"featured_media":0,"parent":0,"menu_order":0,"comment_status":"closed","ping_status":"closed","template":"","meta":{"footnotes":""},"featured_media_urls":[],"_links":{"self":[{"href":"https:\/\/www.dcigns.mx\/index.php\/wp-json\/wp\/v2\/pages\/11"}],"collection":[{"href":"https:\/\/www.dcigns.mx\/index.php\/wp-json\/wp\/v2\/pages"}],"about":[{"href":"https:\/\/www.dcigns.mx\/index.php\/wp-json\/wp\/v2\/types\/page"}],"author":[{"embeddable":true,"href":"https:\/\/www.dcigns.mx\/index.php\/wp-json\/wp\/v2\/users\/1"}],"replies":[{"embeddable":true,"href":"https:\/\/www.dcigns.mx\/index.php\/wp-json\/wp\/v2\/comments?post=11"}],"version-history":[{"count":12,"href":"https:\/\/www.dcigns.mx\/index.php\/wp-json\/wp\/v2\/pages\/11\/revisions"}],"predecessor-version":[{"id":415,"href":"https:\/\/www.dcigns.mx\/index.php\/wp-json\/wp\/v2\/pages\/11\/revisions\/415"}],"wp:attachment":[{"href":"https:\/\/www.dcigns.mx\/index.php\/wp-json\/wp\/v2\/media?parent=11"}],"curies":[{"name":"wp","href":"https:\/\/api.w.org\/{rel}","templated":true}]}}